{"id":2,"date":"2022-05-06T08:34:15","date_gmt":"2022-05-06T08:34:15","guid":{"rendered":"https:\/\/ofdm.pcen.pl\/?page_id=2"},"modified":"2023-02-21T22:54:47","modified_gmt":"2023-02-21T22:54:47","slug":"sample-page","status":"publish","type":"page","link":"https:\/\/ofdm.pcen.pl\/","title":{"rendered":""},"content":{"rendered":"\t\t<div data-elementor-type=\"wp-page\" data-elementor-id=\"2\" class=\"elementor elementor-2\">\n\t\t\t\t\t\t<section class=\"elementor-section elementor-top-section elementor-element elementor-element-f7ac6c9 elementor-section-boxed elementor-section-height-default elementor-section-height-default\" data-id=\"f7ac6c9\" data-element_type=\"section\" data-e-type=\"section\">\n\t\t\t\t\t\t<div class=\"elementor-container elementor-column-gap-default\">\n\t\t\t\t\t<div class=\"elementor-column elementor-col-100 elementor-top-column elementor-element elementor-element-ed7aadd\" data-id=\"ed7aadd\" data-element_type=\"column\" data-e-type=\"column\">\n\t\t\t<div class=\"elementor-widget-wrap elementor-element-populated\">\n\t\t\t\t\t\t<div class=\"elementor-element elementor-element-5eb0fec elementor-widget elementor-widget-text-editor\" data-id=\"5eb0fec\" data-element_type=\"widget\" data-e-type=\"widget\" data-widget_type=\"text-editor.default\">\n\t\t\t\t<div class=\"elementor-widget-container\">\n\t\t\t\t\t\t\t\t\t<p>Strona OFDM &#8211; to&nbsp; wirtualna przestrze\u0144 skupiaj\u0105ca doradc\u00f3w metodycznych. Miejsce spotka\u0144, dyskusji, informacji, dobrych praktyk, relacji z wydarze\u0144 o charakterze edukacyjnym z Polski. OFDM to r\u00f3wnie\u017c miejsce dla publikacji Doradc\u00f3w metodycznych w postaci artyku\u0142\u00f3w, nagra\u0144 audio, film\u00f3w. Tworz\u0105c ten site my\u015blimy r\u00f3wnie\u017c o nauczycielach z kt\u00f3rymi wsp\u00f3\u0142pracujemy na rzecz edukacji nowoczesnej, barwnej i skutecznej. Staramy si\u0119, aby rzeczywisto\u015b\u0107 szkolna przynosi\u0142a g\u0142\u0119bokie refleksje i satysfakcj\u0119 po stronie dydaktyk\u00f3w oraz rado\u015b\u0107 i zainteresowanie po stronie tych &#8211; dla kt\u00f3rych to wszystko !&nbsp; Dzi\u0119kujemy za Wasz\u0105 obecno\u015b\u0107 i wsp\u00f3\u0142prac\u0119.&nbsp;&nbsp;<\/p>\t\t\t\t\t\t\t\t<\/div>\n\t\t\t\t<\/div>\n\t\t\t\t\t<\/div>\n\t\t<\/div>\n\t\t\t\t\t<\/div>\n\t\t<\/section>\n\t\t\t\t<section class=\"elementor-section elementor-top-section elementor-element elementor-element-60e81203 elementor-section-boxed elementor-section-height-default elementor-section-height-default\" data-id=\"60e81203\" data-element_type=\"section\" data-e-type=\"section\">\n\t\t\t\t\t\t<div class=\"elementor-container elementor-column-gap-default\">\n\t\t\t\t\t<div class=\"elementor-column elementor-col-100 elementor-top-column elementor-element elementor-element-469f061c\" data-id=\"469f061c\" data-element_type=\"column\" data-e-type=\"column\">\n\t\t\t<div class=\"elementor-widget-wrap elementor-element-populated\">\n\t\t\t\t\t\t<div class=\"elementor-element elementor-element-62168fd8 elementor-widget elementor-widget-text-editor\" data-id=\"62168fd8\" data-element_type=\"widget\" data-e-type=\"widget\" data-widget_type=\"text-editor.default\">\n\t\t\t\t<div class=\"elementor-widget-container\">\n\t\t\t\t\t\t\t\t\t\n<div class=\"wp-block-columns is-layout-flex wp-container-core-columns-is-layout-9d6595d7 wp-block-columns-is-layout-flex\">\n<div class=\"wp-block-column is-layout-flow wp-block-column-is-layout-flow\">\n<figure class=\"wp-block-image size-large\"><img fetchpriority=\"high\" decoding=\"async\" width=\"1024\" height=\"683\" src=\"https:\/\/ofdm.pcen.pl\/wp-content\/uploads\/2023\/02\/szczesliwy-nauczyciel-sluchac-jej-uczniow-1-1024x683.jpg\" alt=\"\" class=\"wp-image-173\" srcset=\"https:\/\/ofdm.pcen.pl\/wp-content\/uploads\/2023\/02\/szczesliwy-nauczyciel-sluchac-jej-uczniow-1-1024x683.jpg 1024w, https:\/\/ofdm.pcen.pl\/wp-content\/uploads\/2023\/02\/szczesliwy-nauczyciel-sluchac-jej-uczniow-1-300x200.jpg 300w, https:\/\/ofdm.pcen.pl\/wp-content\/uploads\/2023\/02\/szczesliwy-nauczyciel-sluchac-jej-uczniow-1-768x512.jpg 768w, https:\/\/ofdm.pcen.pl\/wp-content\/uploads\/2023\/02\/szczesliwy-nauczyciel-sluchac-jej-uczniow-1-1536x1024.jpg 1536w, https:\/\/ofdm.pcen.pl\/wp-content\/uploads\/2023\/02\/szczesliwy-nauczyciel-sluchac-jej-uczniow-1-2048x1365.jpg 2048w\" sizes=\"(max-width: 1024px) 100vw, 1024px\" \/><\/figure>\n<\/div>\n\n\n\n<div class=\"wp-block-column is-layout-flow wp-block-column-is-layout-flow\">\n<figure class=\"wp-block-image size-large\"><img decoding=\"async\" width=\"1024\" height=\"683\" src=\"https:\/\/ofdm.pcen.pl\/wp-content\/uploads\/2023\/02\/rozmowa-z-ksiegowymi-1-1024x683.jpg\" alt=\"\" class=\"wp-image-174\" srcset=\"https:\/\/ofdm.pcen.pl\/wp-content\/uploads\/2023\/02\/rozmowa-z-ksiegowymi-1-1024x683.jpg 1024w, https:\/\/ofdm.pcen.pl\/wp-content\/uploads\/2023\/02\/rozmowa-z-ksiegowymi-1-300x200.jpg 300w, https:\/\/ofdm.pcen.pl\/wp-content\/uploads\/2023\/02\/rozmowa-z-ksiegowymi-1-768x512.jpg 768w, https:\/\/ofdm.pcen.pl\/wp-content\/uploads\/2023\/02\/rozmowa-z-ksiegowymi-1-1536x1024.jpg 1536w, https:\/\/ofdm.pcen.pl\/wp-content\/uploads\/2023\/02\/rozmowa-z-ksiegowymi-1-2048x1365.jpg 2048w\" sizes=\"(max-width: 1024px) 100vw, 1024px\" \/><\/figure>\n<\/div>\n\n\n\n<div class=\"wp-block-column is-layout-flow wp-block-column-is-layout-flow\">\n<figure class=\"wp-block-image size-large\"><img decoding=\"async\" width=\"1024\" height=\"683\" src=\"https:\/\/ofdm.pcen.pl\/wp-content\/uploads\/2023\/02\/koledzy-pracujacy-razem-1-1024x683.jpg\" alt=\"\" class=\"wp-image-175\" srcset=\"https:\/\/ofdm.pcen.pl\/wp-content\/uploads\/2023\/02\/koledzy-pracujacy-razem-1-1024x683.jpg 1024w, https:\/\/ofdm.pcen.pl\/wp-content\/uploads\/2023\/02\/koledzy-pracujacy-razem-1-300x200.jpg 300w, https:\/\/ofdm.pcen.pl\/wp-content\/uploads\/2023\/02\/koledzy-pracujacy-razem-1-768x512.jpg 768w, https:\/\/ofdm.pcen.pl\/wp-content\/uploads\/2023\/02\/koledzy-pracujacy-razem-1-1536x1024.jpg 1536w, https:\/\/ofdm.pcen.pl\/wp-content\/uploads\/2023\/02\/koledzy-pracujacy-razem-1-2048x1365.jpg 2048w\" sizes=\"(max-width: 1024px) 100vw, 1024px\" \/><\/figure>\n<\/div>\n<\/div>\n\n\n\n<div class=\"wp-block-columns is-layout-flex wp-container-core-columns-is-layout-9d6595d7 wp-block-columns-is-layout-flex\">\n<div class=\"wp-block-column is-layout-flow wp-block-column-is-layout-flow\"><\/div>\n<\/div>\n\n\n\n<p><\/p>\n\t\t\t\t\t\t\t\t<\/div>\n\t\t\t\t<\/div>\n\t\t\t\t\t<\/div>\n\t\t<\/div>\n\t\t\t\t\t<\/div>\n\t\t<\/section>\n\t\t\t\t<section class=\"elementor-section elementor-top-section elementor-element elementor-element-95335c8 elementor-section-boxed elementor-section-height-default elementor-section-height-default\" data-id=\"95335c8\" data-element_type=\"section\" data-e-type=\"section\">\n\t\t\t\t\t\t<div class=\"elementor-container elementor-column-gap-default\">\n\t\t\t\t\t<div class=\"elementor-column elementor-col-100 elementor-top-column elementor-element elementor-element-6e18782\" data-id=\"6e18782\" data-element_type=\"column\" data-e-type=\"column\">\n\t\t\t<div class=\"elementor-widget-wrap elementor-element-populated\">\n\t\t\t\t\t\t<div class=\"elementor-element elementor-element-c125ce6 elementor-widget elementor-widget-text-editor\" data-id=\"c125ce6\" data-element_type=\"widget\" data-e-type=\"widget\" data-widget_type=\"text-editor.default\">\n\t\t\t\t<div class=\"elementor-widget-container\">\n\t\t\t\t\t\t\t\t\t<p>Drogi Nauczycielu !<\/p>\n<p>OFDM &#8211; to przestrze\u0144 nie tylko dla doradc\u00f3w. Si\u0142a polskiej edukacji to przede wszystkim Wasza pe\u0142na po\u015bwi\u0119cenia praca &#8211; Wasz zapa\u0142, entuzjazm, pasja, cierpliwo\u015b\u0107 i odpowiedzialno\u015b\u0107. Sami jako doradcy metodyczni jeste\u015bmy nauczycielami i podobnie jak Wy stajemy oko w oko z t\u0105 sam\u0105 szkoln\u0105 rzeczywisto\u015bci\u0105. Chcemy pe\u0142nej wsp\u00f3\u0142pracy z Wami i wzajemnego zaanga\u017cowania. Wirtualna przestrze\u0144 OFDM &#8211; to miejsce r\u00f3wnie\u017c dla Was. Mo\u017cecie za naszym po\u015brednictwem dzieli\u0107 si\u0119 swoim do\u015bwiadczeniem, chwali\u0107 osi\u0105gni\u0119ciami, informowa\u0107 o wa\u017cnych wydarzeniach. Zach\u0119camy do publikowania Waszych autorskich artyku\u0142\u00f3w, felieton\u00f3w, prezentacji. Zak\u0142adajcie na forum tematy do dyskusji, informujcie nasze \u015brodowisko o Waszych pomys\u0142ach. Razem &#8211; zdzia\u0142amy wi\u0119cej. !\u00a0<\/p>\t\t\t\t\t\t\t\t<\/div>\n\t\t\t\t<\/div>\n\t\t\t\t\t<\/div>\n\t\t<\/div>\n\t\t\t\t\t<\/div>\n\t\t<\/section>\n\t\t\t\t<\/div>\n\t\t","protected":false},"excerpt":{"rendered":"<p>Strona OFDM &#8211; to&nbsp; wirtualna przestrze\u0144 skupiaj\u0105ca doradc\u00f3w metodycznych. Miejsce spotka\u0144, dyskusji, informacji, dobrych praktyk, relacji z wydarze\u0144 o charakterze edukacyjnym z Polski. OFDM to r\u00f3wnie\u017c miejsce dla publikacji Doradc\u00f3w metodycznych w postaci artyku\u0142\u00f3w, nagra\u0144 audio, film\u00f3w. Tworz\u0105c ten site my\u015blimy r\u00f3wnie\u017c o nauczycielach z kt\u00f3rymi wsp\u00f3\u0142pracujemy na rzecz edukacji nowoczesnej, barwnej i skutecznej. Staramy [&hellip;]<\/p>\n","protected":false},"author":1,"featured_media":0,"parent":0,"menu_order":0,"comment_status":"closed","ping_status":"open","template":"","meta":{"_uag_custom_page_level_css":"","footnotes":""},"class_list":["post-2","page","type-page","status-publish","hentry"],"uagb_featured_image_src":{"full":false,"thumbnail":false,"medium":false,"medium_large":false,"large":false,"1536x1536":false,"2048x2048":false,"cvmm-medium":false,"cvmm-medium-plus":false,"cvmm-portrait":false,"cvmm-medium-square":false,"cvmm-large":false,"cvmm-small":false,"news-portal-block-medium":false,"news-portal-block-thumb":false,"news-portal-slider-medium":false,"news-portal-carousel-portrait":false,"news-portal-alternate-grid":false},"uagb_author_info":{"display_name":"admin","author_link":"https:\/\/ofdm.pcen.pl\/index.php\/author\/admin\/"},"uagb_comment_info":0,"uagb_excerpt":"Strona OFDM &#8211; to&nbsp; wirtualna przestrze\u0144 skupiaj\u0105ca doradc\u00f3w metodycznych. Miejsce spotka\u0144, dyskusji, informacji, dobrych praktyk, relacji z wydarze\u0144 o charakterze edukacyjnym z Polski. OFDM to r\u00f3wnie\u017c miejsce dla publikacji Doradc\u00f3w metodycznych w postaci artyku\u0142\u00f3w, nagra\u0144 audio, film\u00f3w. Tworz\u0105c ten site my\u015blimy r\u00f3wnie\u017c o nauczycielach z kt\u00f3rymi wsp\u00f3\u0142pracujemy na rzecz edukacji nowoczesnej, barwnej i skutecznej. Staramy&hellip;","blog_post_layout_featured_media_urls":{"thumbnail":"","full":""},"categories_names":null,"comments_number":"0","wpmagazine_modules_lite_featured_media_urls":{"thumbnail":"","cvmm-medium":"","cvmm-medium-plus":"","cvmm-portrait":"","cvmm-medium-square":"","cvmm-large":"","cvmm-small":"","full":""},"_links":{"self":[{"href":"https:\/\/ofdm.pcen.pl\/index.php\/wp-json\/wp\/v2\/pages\/2","targetHints":{"allow":["GET"]}}],"collection":[{"href":"https:\/\/ofdm.pcen.pl\/index.php\/wp-json\/wp\/v2\/pages"}],"about":[{"href":"https:\/\/ofdm.pcen.pl\/index.php\/wp-json\/wp\/v2\/types\/page"}],"author":[{"embeddable":true,"href":"https:\/\/ofdm.pcen.pl\/index.php\/wp-json\/wp\/v2\/users\/1"}],"replies":[{"embeddable":true,"href":"https:\/\/ofdm.pcen.pl\/index.php\/wp-json\/wp\/v2\/comments?post=2"}],"version-history":[{"count":24,"href":"https:\/\/ofdm.pcen.pl\/index.php\/wp-json\/wp\/v2\/pages\/2\/revisions"}],"predecessor-version":[{"id":475,"href":"https:\/\/ofdm.pcen.pl\/index.php\/wp-json\/wp\/v2\/pages\/2\/revisions\/475"}],"wp:attachment":[{"href":"https:\/\/ofdm.pcen.pl\/index.php\/wp-json\/wp\/v2\/media?parent=2"}],"curies":[{"name":"wp","href":"https:\/\/api.w.org\/{rel}","templated":true}]}}